 - 4*n + 2. Give o(-4).
2
Let k(q) = q**2 + q + 51. Give k(0).
51
Let m(b) = -3*b + 2. What is m(10)?
-28
Let p(u) = -u**2 + 5*u - 5. Determine p(1).
-1
Let t(x) = -7*x - 33. Give t(-5).
2
Let p(w) = w**3 - 10*w**2 + 14*w + 13. Give p(8).
-3
Let w(s) = -s**3 - 14*s**2 - s - 2. Determine w(-14).
12
Let x(s) = -s**3 + 8*s**2 - 11*s - 10. Determine x(6).
-4
Let j(k) = -20*k - 76. Give j(-4).
4
Let q(m) = m**2 - 1. Calculate q(-2).
3
Let h(g) = -6*g**3 - 2*g**2 + 5*g - 3. Give h(1).
-6
Let f(g) = -g**3 - 3*g**2 + 9*g. Determine f(-5).
5
Let m(l) = -2*l**3 - 17*l**2 - 11*l - 13. Give m(-8).
11
Let l(q) = 2*q**3 + 25*q**2 + 17*q + 6. Determine l(-12).
-54
Let s(l) = l**3 + 12*l**2 + 13*l + 23. Calculate s(-11).
1
Let j(p) = p**3 + 4*p + 7. Determine j(-4).
-73
Let s(q) = q**3 - 10*q**2 + 24*q + 2. What is s(7)?
23
Let l(z) = z**3 - 10*z**2 + 8*z - 9. Calculate l(10).
71
Let l(t) = -t**3 + 2*t**2 + 8*t - 5. Give l(4).
-5
Let m(y) = y**3 - 14*y**2 + 9*y - 33. What is m(14)?
93
Let c(b) = -b**2 + 11*b - 7. Give c(8).
17
Let j(v) = -v**2 - 21*v - 21. Give j(-18).
33
Let d(g) = -3*g**2 + 24*g + 11. Determine d(9).
-16
Let a(t) = -t**2 + 10*t + 1. What is a(5)?
26
Let o(k) = 22*k. Determine o(-1).
-22
Let c(j) = -j**3 - 7*j**2 - 10*j - 65. Calculate c(-7).
5
Let v(p) = 2*p**2 + 14*p + 11. What is v(-5)?
-9
Let p(d) = d**2 - 13*d - 22. Determine p(14).
-8
Let r(m) = -6*m + 67. Calculate r(9).
13
Let p(u) = u - 20. Determine p(-3).
-23
Let d(a) = -2*a**2 - 83*a - 32. What is d(-41)?
9
Let o(r) = r**3 - 10*r**2 - 1. Calculate o(10).
-1
Let w(o) = o**3 + o - 1. Calculate w(3).
29
Let f(j) = 3*j + 16. Determine f(9).
43
Let u(n) = 2*n**3 + 22*n**2 - 10*n + 15. Calculate u(-11).
125
Let p(d) = d**3 - 9*d**2 + d + 3. Give p(9).
12
Let t(i) = 3*i**2 + 25*i - 35. What is t(-10)?
15
Let p(j) = j - 2. Determine p(-5).
-7
Let q(s) = -4*s + 23. Determine q(11).
-21
Let i(q) = 2*q**2 + 4*q + 8. Calculate i(-4).
24
Let m(u) = -u + 6. Give m(3).
3
Let y(s) = -5*s**2 + 21*s + 3. What is y(4)?
7
Let c(m) = -5*m + 36. Give c(8).
-4
Let m(t) = t**2 + 23*t - 213. Calculate m(7).
-3
Let z(k) = -k**2 - 14*k + 8. Calculate z(0).
8
Let x(c) = c**2 + 13*c + 29. Calculate x(-14).
43
Let y(u) = u**3 + 2*u**2 + 3*u + 2. Give y(-2).
-4
Let h(d) = 3*d**2 + 5*d - 6. Determine h(1).
2
Let f(s) = 5*s**3 + 3*s**2 + 4*s + 1. Calculate f(-1).
-5
Let b(r) = r**3 + 5*r**2 - 19*r - 92. Calculate b(-5).
3
Let u(r) = 9*r**3 + 3*r**2 - 5. Give u(-2).
-65
Let l(y) = -2*y**2 + 2*y + 2. Calculate l(-1).
-2
Let o(u) = -u**3 + 4*u**2 + 7. What is o(4)?
7
Let n(o) = -o**3 + 3*o**2 + 6*o + 16. Give n(5).
-4
Let q(g) = -g**3 - 5*g**2 - 2*g + 5. What is q(-5)?
15
Let w(s) = -s**2 - 15*s + 82. Determine w(5).
-18
Let v(a) = 31*a**2 - 5*a + 3. What is v(1)?
29
Let g(h) = -8*h - 4. Determine g(3).
-28
Let q(v) = v**3 - 4*v**2 + 3*v + 4. Determine q(4).
16
Let k(o) = -6*o - 67. What is k(-9)?
-13
Let z(s) = -s**3 + 10*s**2 + 9*s + 24. Calculate z(11).
2
Let s(y) = -17*y**2 + 2*y + 1. Calculate s(-1).
-18
Let t(r) = -r**3 + 11*r**2 - 18*r - 7. Give t(9).
-7
Let o(v) = 6*v**2 - 15*v + 3. Calculate o(2).
-3
Let g(d) = 77*d**2 + d. What is g(1)?
78
Let y(d) = -d**3 - 2*d**2 + 4*d + 5. What is y(-4)?
21
Let l(p) = -p**3 - 2. Calculate l(-2).
6
Let o(s) = s**3 - 35*s**2 + 35*s - 37. Calculate o(34).
-3
Let c(v) = v**2 + 3*v - 55. What is c(6)?
-1
Let k(a) = -a - 4. Determine k(-11).
7
Let g(w) = w**3 - 7*w**2 + 3*w + 4. Determine g(4).
-32
Let o(d) = -d**3 - 9*d**2 - 2*d + 72. Give o(-8).
24
Let v(j) = -j**3 - 4*j**2 + 6*j + 3. Give v(-5).
-2
Let z(x) = x**2 - 33*x + 64. What is z(31)?
2
Let u(o) = 2*o**2 - 6*o + 3. Calculate u(6).
39
Let x(a) = -3*a**2 + 32*a + 86. Give x(13).
-5
Let w(n) = 40*n + 717. Calculate w(-18).
-3
Let a(v) = 2*v + 4. Calculate a(-6).
-8
Let o(p) = p**2 - 5*p + 11. What is o(5)?
11
Let k(p) = 11*p - 52. Determine k(4).
-8
Let z(d) = d**2 + 23*d - 46. Give z(2).
4
Let a(d) = d**3 - d**2 - 4*d - 3. Give a(4).
29
Let v(a) = 22*a - 261. Calculate v(12).
3
Let b(r) = 4*r - 28. What is b(15)?
32
Let m(r) = -10*r**2 - 2*r - 1. What is m(-3)?
-85
Let g(b) = b**2 - b + 6. Calculate g(-5).
36
Let g(b) = 2*b**2 + 13*b - 4. Give g(-9).
41
Let u(a) = a**3 - 22*a**2 + a - 14. What is u(22)?
8
Let r(q) = q - 12. What is r(5)?
-7
Let j(y) = 6*y - 131. What is j(22)?
1
Let y(c) = -2*c + 8. Give y(-2).
12
Let g(h) = h**2 - 2. What is g(0)?
-2
Let q(t) = -t**3 + t**2 - t - 7. Calculate q(0).
-7
Let k(a) = -21*a - 111. Determine k(-4).
-27
Let d(j) = -j**2 - 9*j - 23. What is d(-3)?
-5
Let n(z) = 2*z + 52. Determine n(-29).
-6
Let n(m) = 4*m**2 + 3*m - 2. Give n(2).
20
Let f(u) = u**3 - 16*u**2 + 14*u + 10. Give f(15).
-5
Let g(a) = -14*a**2 + 29*a + 2. Determine g(2).
4
Let s(c) = -c**3 + 2*c**2 - c. What is s(3)?
-12
Let y(o) = -3*o**3 - 4*o**2 + 1. Give y(-3).
46
Let d(n) = n - 6. Determine d(4).
-2
Let f(d) = -6*d + 20. Calculate f(5).
-10
Let d(w) = -w**3 + 28*w**2 - 23*w - 107. Calculate d(27).
1
Let o(c) = -c + 16. What is o(19)?
-3
Let t(v) = -v**2 - 4*v + 12. What is t(-9)?
-33
Let q(d) = -d**2 + 13*d + 18. What is q(14)?
4
Let r(h) = -2*h**2 - 74*h - 27. Give r(-36).
45
Let v(r) = -r + 7. Calculate v(-10).
17
Let s(z) = 2*z. Calculate s(5).
10
Let b(z) = -z**2 - 10*z + 9. Determine b(-11).
-2
Let v(q) = q**3 + 5*q**2 + q - 4. Give v(-2).
6
Let z(b) = -15*b + 21. Give z(0).
21
Let u(p) = -19*p - 116. Determine u(-6).
-2
Let g(y) = -2*y + 33. Determine g(13).
7
Let k(i) = -2*i**2 - 20*i + 78. Give k(-13).
0
Let i(s) = 2*s**2 - 26*s - 1. Determine i(7).
-85
Let m(x) = -x**3 - 11*x**2 - 2*x - 17. Give m(-11).
5
Let f(i) = -i**3 + 16*i**2 - 14*i - 21. Give f(15).
-6
Let t(l) = -l**2 + 52*l + 106. Determine t(54).
-2
Let c(t) = 12*t + 90. Calculate c(-7).
6
Let a(l) = 2*l**2 - 9*l + 4. Calculate a(8).
60
Let a(p) = 8*p + 3. Calculate a(4).
35
Let y(b) = b**3 + 15*b**2 - 17*b - 18. Determine y(-16).
-2
Let u(o) = -2*o + 12. Give u(5).
2
Let y(z) = z**3 - 4*z**2 + 8*z + 5. Determine y(4).
37
Let v(l) = 4*l + 51. Give v(-11).
7
Let s(u) = -u**2 - 20*u + 62. Calculate s(-23).
-7
Let f(y) = y**2 - 6*y - 20. What is f(-7)?
71
Let t(n) = -19*n + 7. Give t(2).
-31
Let g(u) = -u**2 - 32*u - 25. Determine g(-28).
87
Let f(b) = -b**3 - b**2 + 2. What is f(-3)?
20
Let j(k) = -4*k - 63. Calculate j(-14).
-7
Let p(i) = i**3 - 9*i**2 + 15*i - 26. What is p(8)?
30
Let f(c) = -22*c + 21. What is f(3)?
-45
Let a(u) = -u**3 + 17*u**2 - 25*u - 73. Determine a(15).
2
Let v(f) = -13*f - 7. Determine v(-1).
6
Let g(q) = -26*q + 1. Give g(1).
-25
Let b(q) = q**2 + 7*q. What is b(-8)?
8
Let i(r) = -r**2 - 21*r - 5. What is i(-21)?
-5
Let p(i) = -15*i + 119. Determine p(7).
14
Let p(l) = l**3 + 9*l**2 + 8. What is p(-9)?
8
Let w(c) = -2*c**3 - 12*c**2 - 6*c + 7. Calculate w(-5).
-13
Let k(c) = -4*c**3 + 3*c**2 - c + 8. Calculate k(3).
-76
Let o(h) = 7*h - 21. What is o(5)?
14
Let n(r) = r**3 + 3*r**2 + 2*r + 4. Give n(-3).
-2
Let z(w) = 3*w**2 - 11*w + 1. What is z(6)?
43
Let d(i) = -7*i + 62. Calculate d(6).
20
Let z(t) = 5*t + 96. Calculate z(-22).
-14
Let y(z) = z**2 + 47*z - 111. Give y(-49).
-13
Let l(o) = 2*o**2 + 109*o - 57. Give l(-55).
-2
Let r(w) = -w**3 - 17*w**2 - w - 10. Calculate r(-17).
7
Let d(j) = j + 15. Determine d(-4).
11
Let h(p) = p**2 - 3*p - 8. What is h(4)?
-4
Let n(y) = y**2 - 22*y - 143. Give n(27).
-8
Let p(h) = -5*h**2 + 54*h - 6. Give p(6).
138
Let f(g) = -6*g + 2. Determine f(2).
-10
Let y(o) = o**3 - o - 5. Calculate y(0).
-5
Let a(u) = u**2 - 3*u - 6. Give a(-2).
4
Let s(x) = -x**2 + 8*x + 4. Calculate s(10).
-16
Let h(q) = -21*q + 468. Calculate h(22).
6
Let d(f) = f**2 + 25*f + 102. Determine d(-17).
-34
Let p(z) = -8*z**3 + 3*z**2 - 3*z + 1. Calculate p(1).
-7
Let b(k) = k**2 - k - 117. Give b(10).
-27
Let t(i) = -2*i + 12. Determine t(6).
0
Let r(v) = -7*v**2 + 33*v + 10. What is r(5)?
0
Let t(l) = -4*l**2 + 155*l + 44. Calculate t(39).
5
Let j(z) = 3*z**2 - 3*z - 3. Give j(-3).
33
Let b(f) = 2*f**3 + 40*f**2 + f + 10. Give b(-20).
-10
Let g(m) = 12*m**2 - 3*m + 13. Determine g(4).
193
Let y(s) = 2*s**2 + 72*s + 385. Determine y(-6).
25
Let r(x) = -x**2 - 43*x - 389. What is r(-30)?
1
Let i(g) = -4*g + 60. What is i(18)?
-12
Let i(u) = u**2 - 19*u + 9. Determine i(19).
9
Let x(f) = f**2 - 1